vided by 3558.
161
What is the remainder when 5089759 is divided by 26?
25
What is the remainder when 1583276 is divided by 828?
140
Calculate the remainder when 873480958 is divided by 6215.
6213
Calculate the remainder when 4099381 is divided by 344.
277
What is the remainder when 6107553 is divided by 1526885?
13
Calculate the remainder when 16063167 is divided by 38.
35
Calculate the remainder when 54183 is divided by 116.
11
Calculate the remainder when 23106782 is divided by 17.
8
Calculate the remainder when 2938806 is divided by 22093.
437
What is the remainder when 20847998 is divided by 1737331?
26
What is the remainder when 362401 is divided by 2876?
25
Calculate the remainder when 49203482 is divided by 145143.
5
What is the remainder when 77199021 is divided by 84?
81
Calculate the remainder when 187028429 is divided by 84285.
14
What is the remainder when 56592550 is divided by 2263702?
0
What is the remainder when 15468080 is divided by 483376?
48
Calculate the remainder when 19604518 is divided by 60.
58
What is the remainder when 3076582 is divided by 751?
486
What is the remainder when 7080527 is divided by 10144?
15
Calculate the remainder when 198762 is divided by 3785.
1942
Calculate the remainder when 505264 is divided by 49.
25
What is the remainder when 2078772 is divided by 2078759?
13
Calculate the remainder when 19685433 is divided by 1261.
1223
What is the remainder when 3843 is divided by 597?
261
Calculate the remainder when 2369878 is divided by 1184927.
24
Calculate the remainder when 7557656 is divided by 4072.
24
Calculate the remainder when 12727316 is divided by 181818.
56
What is the remainder when 127545189 is divided by 31?
29
What is the remainder when 2554 is divided by 1426?
1128
What is the remainder when 3550058 is divided by 2767?
2764
What is the remainder when 10082505 is divided by 205?
195
What is the remainder when 92197767 is divided by 38?
1
What is the remainder when 131044 is divided by 1902?
1708
What is the remainder when 134920 is divided by 3146?
2788
Calculate the remainder when 69933223 is divided by 669.
646
What is the remainder when 1487142 is divided by 1207?
118
Calculate the remainder when 854384 is divided by 93.
86
What is the remainder when 132559369 is divided by 413?
411
Calculate the remainder when 10732248 is divided by 6473.
14
Calculate the remainder when 6426977 is divided by 9.
5
Calculate the remainder when 52684849 is divided by 44.
41
What is the remainder when 305710 is divided by 152708?
294
Calculate the remainder when 4303435 is divided by 175.
10
What is the remainder when 21455273 is divided by 189?
182
Calculate the remainder when 3801800 is divided by 29700.
200
Calculate the remainder when 61922034 is divided by 263.
262
Calculate the remainder when 6255924 is divided by 16727.
26
Calculate the remainder when 139078895 is divided by 7656.
7655
Calculate the remainder when 8461322 is divided by 1268.
1226
Calculate the remainder when 81384 is divided by 9135.
8304
What is the remainder when 161892 is divided by 12434?
250
Calculate the remainder when 4938559 is divided by 167.
35
What is the remainder when 237607452 is divided by 3151?
3146
What is the remainder when 9398286 is divided by 469?
464
What is the remainder when 752964 is divided by 5679?
3336
What is the remainder when 55308 is divided by 2518?
2430
What is the remainder when 6199544 is divided by 14?
8
Calculate the remainder when 571933 is divided by 71023.
3749
What is the remainder when 96356 is divided by 32019?
299
What is the remainder when 1262870 is divided by 646?
586
Calculate the remainder when 27768910 is divided by 276.
274
Calculate the remainder when 280624 is divided by 140192.
240
What is the remainder when 1003936 is divided by 23903?
10
What is the remainder when 11638618 is divided by 11638315?
303
What is the remainder when 5822205 is divided by 722?
719
Calculate the remainder when 81621 is divided by 20353.
209
Calculate the remainder when 4881153 is divided by 976209.
108
Calculate the remainder when 139370950 is divided by 338279.
2
Calculate the remainder when 79032 is divided by 38600.
1832
Calculate the remainder when 350331 is divided by 1105.
46
Calculate the remainder when 7419693 is divided by 2290.
93
What is the remainder when 192199 is divided by 6452?
5091
What is the remainder when 13514317 is divided by 13?
11
Calculate the remainder when 2449877 is divided by 30.
17
What is the remainder when 85761 is divided by 160?
1
Calculate the remainder when 236653403 is divided by 156.
155
What is the remainder when 4928822 is divided by 426?
2
What is the remainder when 16784 is divided by 8313?
158
Calculate the remainder when 3785452 is divided by 1261814.
10
What is the remainder when 5187055 is divided by 83662?
11
Calculate the remainder when 2536350 is divided by 1622.
1164
What is the remainder when 186702551 is divided by 3435?
3431
Calculate the remainder when 5315132 is divided by 3092.
3076
Calculate the remainder when 12996351 is divided by 4332113.
12
What is the remainder when 88421 is divided by 22038?
269
What is the remainder when 79589 is divided by 1664?
1381
Calculate the remainder when 23484 is divided by 902.
32
Calculate the remainder when 24306121 is divided by 6310.
1
What is the remainder when 96713664 is divided by 667?
665
Calculate the remainder when 1093298 is divided by 1093118.
180
Calculate the remainder when 90301 is divided by 27497.
7810
What is the remainder when 34779 is divided by 3147?
162
Calculate the remainder when 43572 is divided by 8676.
192
Calculate the remainder when 24380326 is divided by 63.
19
What is the remainder when 12554660 is divided by 2510912?
100
What is the remainder when 11958417 is divided by 996534?
9
What is the remainder when 573532 is divided by 54?
52
What is the remainder when 98030765 is divided by 49015379?
7
What is the remainder when 66291 is divided by 4885?
2786
What is the remainder when 670764854 is divided by 248?
246
Calculate the remainder when 13642 is divided by 1031.
239
What is the remainder when 539201 is divided by 14573?
0
Calculate the remainder when 823293 is divided by 1410.
1263
What is the remainder when 9941131 is divided by 1242641?
3
Calculate the remainder when 167638 is divided by 8823.
1
Calculate the remainder when 215834 is divided by 531.
248
Calculate the remainder when 123927 is divided by 123590.
337
What is the remainder when 992519 is divided by 6014?
209
Calculate the remainder when 32665043 is divided by 51.
2
What is the remainder when 304583 is divided by 349?
255
Calculate the remainder when 1688091 is divided by 5024.
27
Calculate the remainder when 2122054 is divided by 66314.
6
What is the remainder when 959960 is divided by 5714?
8
Calculate the remainder when 12510353 is divided by 38852.
9
Calculate the remainder when 75464 is divided by 2419.
475
What is the remainder when 65283497 is divided by 42?
41
Calculate the remainder when 407254 is divided by 529.
453
What is the remainder when 46496 is divided by 1346?
732
Calculate the remainder when 14035484 is divided by 42.
8
Calculate the remainder when 38765357 is divided by 5537908.
1
Calculate the remainder when 46551415 is divided by 1542.
1519
What is the remainder when 1134983 is divided by 1196?
1175
Calculate the remainder when 7220319 is divided by 47.
38
Calculate the remainder when 1232225 is divided by 410719.
68
Calculate the remainder when 173530 is divided by 1866.
1858
Calculate the remainder when 28635147 is divided by 367117.
21
Calculate the remainder when 189252819 is divided by 66.
63
Calculate the remainder when 2505714 is divided by 593.
289
What is the remainder when 1629709 is divided by 137?
94
What is the remainder when 5452571 is divided by 307?
251
Calculate the remainder when 12024352 is divided by 359.
6
Calculate the remainder when 14347115 is divided by 2096.
2091
What is the remainder when 21937429 is divided by 94152?
13
Calculate the remainder when 1373940817 is divided by 140.
137
Calculate the remainder when 42477 is divided by 499.
62
Calculate the remainder when 208249 is divided by 490.
489
Calculate the remainder when 223766 is divided by 104.
62
What i